4
Let v(h) = -383*h - 9488. Let l be v(-25). Calculate the highest common factor of 4843 and l.
29
Let h(p) = -3*p**2 + 28*p + 148. Let j be h(-6). Let z = 368 + j. Calculate the highest common factor of 192 and z.
48
Let c be (-1103674)/(-238) - 4/14. Suppose 24*p - c = 22027. What is the highest common divisor of p and 11?
11
Let m be (777/(-148))/(2/(-160)). Calculate the greatest common divisor of 6440 and m.
140
Let a = -39 - -84. Let x = a + -41. Suppose -9*o + 100 = -x*o. What is the greatest common factor of 60 and o?
20
Suppose 0 = -19*f + 31*f - 28*f + 80. What is the greatest common divisor of f and 2105?
5
Let t = 17013 + -16532. Suppose -71 = -5*z - 3*s, 14 = 3*z + s - 27. Calculate the highest common divisor of z and t.
13
Suppose -71*r + 11433 = -8009 + 3041. What is the greatest common factor of r and 264?
33
Let d be (-5607)/28 - -4 - (-1)/4. Let j be (-126)/210 - (-2 - d/(-10)). Calculate the greatest common factor of 77 and j.
7
Let t be 430/9 - (-54)/243. Let j = -42 - -58. Calculate the highest common factor of t and j.
16
Let v(p) = 4302*p - 2161*p - 2142*p + 5. Suppose 20 = 4*a + 5*t, 3*t - 11 = 3*a + 1. Let i be v(a). Calculate the greatest common factor of i and 1.
1
Let n(r) = r**3 + 9*r**2 + 12*r + 39. Let x be (-268)/34 + (-48)/408. Let j be n(x). Suppose 0 = 4*d - 33 - j. What is the highest common factor of d and 2?
2
Suppose 81 - 51 = 3*q. Suppose -290 = q*w - 2130. Let s(f) = -23*f. Let u be s(-1). What is the highest common factor of w and u?
23
Let m(r) = -r**3 - 17*r**2 + 4*r + 64. Let c be m(-17). Let o(k) = -31*k - 64. Let f be o(c). Calculate the greatest common divisor of 80 and f.
20
Suppose 0 = -24*x - 158*x + 182. Calculate the greatest common divisor of 2789 and x.
1
Let f be -4*(-6)/(-36)*(-3 + 0). Suppose i = 2*y + 65, -13*i - f*y = -16*i + 191. What is the highest common divisor of i and 7?
7
Suppose 3*g + 5*m = 86, -4*m - 77 = 2*g - 5*g. Suppose -9*s + 10*s - g = -3*h, -78 = -2*s + 2*h. Calculate the highest common divisor of 1 and s.
1
Suppose 32*s - 8 = 28*s. Let w(f) = 9 + 14 + 1 - f**2 + 18*f - s. Let m be w(18). What is the greatest common divisor of 66 and m?
22
Let i be (19 - -646) + (15/6 - (-2)/(-4)). Calculate the greatest common factor of i and 145.
29
Let k be (6 - (-5 + 12)) + 12*5. Let f = 104 - k. Calculate the highest common divisor of f and 75.
15
Suppose 5*z - 123 = q, -2*z + q + 36 = 5*q. Suppose 0*u = 3*d - 5*u + 52, -d = 5*u + z. Let x = d - -104. What is the highest common factor of 17 and x?
17
Suppose 15*f + 29*f = 54211 + 16321. What is the greatest common divisor of 21 and f?
7
Let t be -3*3*4/(-12). Suppose -p + 0*p - 4*k - 3 = 0, t*p = 3*k - 9. Let w be (-4 - -8)/2 - p. What is the greatest common factor of w and 25?
5
Suppose -5*h - 7 + 4892 = 0. Let c = -636 + h. What is the greatest common factor of c and 93?
31
Let w be 9126/(-65) - (-4)/10 - 0. Let o = 155 + w. What is the highest common divisor of 45 and o?
15
Suppose 36*l - 6950 = -866. Suppose 0 = m - 2*m. Suppose m*p + p - 22 = -2*u, -3*p = -4*u + 64. What is the greatest common factor of l and u?
13
Let l be (2/7)/(108/(-28) + 4). Suppose -3*r + 10 = -l. Let u be 15/20 - (-77)/r. Calculate the highest common divisor of u and 100.
20
Suppose 18*l - 16*l = -120. Let x be (-12)/l + (-34)/(-5) + 5. Calculate the greatest common divisor of 16 and x.
4
Let v = 171 - 12. Let l = v - 109. What is the highest common factor of 125 and l?
25
Suppose 73*q + 360 = 76*q. Suppose q*o + 600 = 125*o. What is the greatest common factor of 80 and o?
40
Suppose 4*d - 29 - 243 = 0. Let z(p) = 6*p**2 + 15*p + 44. Let n be z(-5). Calculate the greatest common factor of d and n.
17
Let p(r) = r**2 - 6*r + 17. Let t be p(4). Let n be ((-192)/5)/(t - 558/60). Calculate the greatest common divisor of 8 and n.
8
Let z be (9/2)/(3/64). Let p(j) = -j**3 + 13*j**2 + 30*j + 12. Let k be p(15). Let y be (-40)/10 - k*(-4)/3. Calculate the highest common factor of y and z.
12
Suppose 271*k + 462320 - 1357514 = 458451. Calculate the highest common divisor of 370 and k.
185
Let c be (-2)/(-4*(-12)/(-3144)). What is the highest common divisor of 1703 and c?
131
Let z(r) = -r + 7. Let a be z(7). Suppose a = 6*x - 240 - 96. Let b be (x/6)/((-4)/(-48)). What is the greatest common factor of 280 and b?
56
Suppose 0*j = -j + 45. Let z = 45 - j. Suppose -2*s - 3*s + 195 = z. Calculate the greatest common factor of s and 13.
13
Suppose -3*r + 422 = -2*x - 2*x, -5*x = 10. Calculate the greatest common divisor of r and 8349.
69
Let c be 247 - 0/(3 + 0). Let j = -93 + c. Suppose 329 = -47*v + 9*v + 861. What is the greatest common factor of j and v?
14
Suppose -36*x + 20*x - 90*x = -7950. What is the highest common divisor of 7935 and x?
15
Suppose -3*f + 1446 = -3*s, -372*s + 375*s = f - 478. Calculate the greatest common factor of 4477 and f.
121
Suppose -2*m - 2*j + 468 = 0, -2*m - j = 4*j - 450. Calculate the greatest common divisor of 1860 and m.
60
Let a(z) = z**2 + 5. Let w be a(7). Let i(r) = -1 + 26*r - 46*r + w*r. Let f be i(4). What is the highest common divisor of 15 and f?
15
Let r = 1564 + -810. Calculate the greatest common divisor of r and 290.
58
Let m(q) = 29*q**3 + 2*q**2 - 3*q + 1. Suppose 15*s + 8 = 38. Let a be m(s). What is the highest common divisor of a and 5?
5
Suppose 46 = 2*w + 58. Let q be (-308)/(-35)*(-15)/w. What is the highest common factor of q and 154?
22
Suppose -f + 4*c + 11 = 0, -1 - 2 = -3*f + 2*c. Let t be (f - 2)/((-3)/86). Let z = -80 + t. What is the highest common divisor of z and 66?
6
Suppose -57*f + 72 = -58*f. Let h = 77 + f. What is the greatest common divisor of 45 and h?
5
Let w(s) = -59*s - 1618. Let f be w(-28). Calculate the greatest common factor of f and 765.
17
Suppose -2178*v - 373842 = -2241*v. Calculate the highest common divisor of v and 46.
46
Let x = 32 - 29. Let z be x/1*750/45. Let p = 147 - 22. Calculate the greatest common factor of p and z.
25
Let d = -172 - -174. Let g be -5 + 45133/55 + d/5. What is the greatest common divisor of g and 24?
24
Let h be (-2)/((-4)/6) - (-242)/1. Suppose 28*i - 23*i = h. Suppose 0 = -5*k, -i - 1175 = -4*a + 2*k. Calculate the highest common factor of 34 and a.
34
Let h(o) = o**2 - 4*o. Let d be h(4). Suppose d = 3*a - 5*q + 21, -3*a + 3*q = 2*a + 35. Let i = a - -9. What is the greatest common factor of 10 and i?
2
Suppose -251*k - 357 = -268*k. Calculate the greatest common divisor of 924 and k.
21
Let v be (3*2 - (-3522 - 458)) + (-2 - 0). Calculate the highest common divisor of 96 and v.
48
Let q be -178*((-390)/(-40))/((-9)/6). What is the greatest common factor of 26 and q?
13
Let a be 1 + (3 - 6) + 51. Let h(y) = y**3 - 58*y**2 + 478*y + 103. Let n be h(48). What is the greatest common divisor of n and a?
7
Suppose -b + 3969 = 106*i - 103*i, 3*i - 3999 = 4*b. What is the greatest common divisor of 25 and i?
25
Let b be (12 + -15)*25/3. Let r = b + 151. What is the greatest common factor of r and 18?
18
Let y(v) = 4*v**2 - 18*v + 13. Let x be y(9). Suppose -41 = -m - 2*o + 2, 2*m = o + 66. Calculate the greatest common factor of x and m.
35
Suppose 20*m - 981 - 663 = 876. What is the greatest common factor of 4725 and m?
63
Let x(y) = -2*y**3 - 14*y**2 - 4*y. Let z be x(-6). Let l be z*(2 + 20/(-6)). Calculate the highest common factor of l and 4.
4
Suppose -5*t = -85 - 90. Suppose 0 = t*i - 32*i - 12. Let o be ((-110)/(-25) - 6)/(i/(-10)). What is the highest common factor of 32 and o?
4
Suppose -944 + 116 = -a. Let z = 840 - a. What is the highest common divisor of z and 4?
4
Let i(m) = -7*m**3 + 9*m**2 + 52*m + 118. Let s be i(-3). What is the highest common divisor of 2465 and s?
29
Suppose -1712 + 5870 = 189*k. Let a(v) = v**3 - 7*v**2 + 10*v + 10. Let j be a(8). Calculate the greatest common factor of j and k.
22
Suppose 3*x + 14 = -2*s, 0 = 64*s - 68*s + 2*x + 4. Let q be (s/(-2))/(6/492) - 0. What is the greatest common divisor of q and 451?
41
Let p = 22120 - 22100. What is the greatest common factor of p and 490?
10
Let k(s) = 480*s**2 + 192*s - 384. Let f be k(2). What is the highest common factor of f and 90?
30
Let r(w) = -32*w**3 + 3*w**2 + 6*w + 3. Let j be r(-2). Suppose 3*k + 4*p - j = 5*p, -k = -5*p - 63. Calculate the highest com